{"version":"1.0","provider_name":"Bar\u00f2metre de compet\u00e8ncies i ocupacions de Catalunya","provider_url":"https:\/\/www.barometreocupacions.cat\/es\/","author_name":"Eva","author_url":"https:\/\/www.barometreocupacions.cat\/es\/author\/eva\/","title":"CATALU\u00d1A Y ESPA\u00d1A: TRANSICI\u00d3N ECOL\u00d3GICA - Bar\u00f2metre de compet\u00e8ncies i ocupacions de Catalunya","type":"rich","width":600,"height":338,"html":"<blockquote class=\"wp-embedded-content\" data-secret=\"GTyKT0sa4e\"><a href=\"https:\/\/www.barometreocupacions.cat\/es\/cataluna-y-espana-transicion-ecologica\/\">CATALU\u00d1A Y ESPA\u00d1A: TRANSICI\u00d3N ECOL\u00d3GICA<\/a><\/blockquote><iframe sandbox=\"allow-scripts\" security=\"restricted\" src=\"https:\/\/www.barometreocupacions.cat\/es\/cataluna-y-espana-transicion-ecologica\/embed\/#?secret=GTyKT0sa4e\" width=\"600\" height=\"338\" title=\"\u00abCATALU\u00d1A Y ESPA\u00d1A: TRANSICI\u00d3N ECOL\u00d3GICA\u00bb \u2014 Bar\u00f2metre de compet\u00e8ncies i ocupacions de Catalunya\" data-secret=\"GTyKT0sa4e\" frameborder=\"0\" marginwidth=\"0\" marginheight=\"0\" scrolling=\"no\" class=\"wp-embedded-content\"><\/iframe><script>\n\/*! This file is auto-generated *\/\n!function(d,l){\"use strict\";l.querySelector&&d.addEventListener&&\"undefined\"!=typeof URL&&(d.wp=d.wp||{},d.wp.receiveEmbedMessage||(d.wp.receiveEmbedMessage=function(e){var t=e.data;if((t||t.secret||t.message||t.value)&&!\/[^a-zA-Z0-9]\/.test(t.secret)){for(var s,r,n,a=l.querySelectorAll('iframe[data-secret=\"'+t.secret+'\"]'),o=l.querySelectorAll('blockquote[data-secret=\"'+t.secret+'\"]'),c=new RegExp(\"^https?:$\",\"i\"),i=0;i<o.length;i++)o[i].style.display=\"none\";for(i=0;i<a.length;i++)s=a[i],e.source===s.contentWindow&&(s.removeAttribute(\"style\"),\"height\"===t.message?(1e3<(r=parseInt(t.value,10))?r=1e3:~~r<200&&(r=200),s.height=r):\"link\"===t.message&&(r=new URL(s.getAttribute(\"src\")),n=new URL(t.value),c.test(n.protocol))&&n.host===r.host&&l.activeElement===s&&(d.top.location.href=t.value))}},d.addEventListener(\"message\",d.wp.receiveEmbedMessage,!1),l.addEventListener(\"DOMContentLoaded\",function(){for(var e,t,s=l.querySelectorAll(\"iframe.wp-embedded-content\"),r=0;r<s.length;r++)(t=(e=s[r]).getAttribute(\"data-secret\"))||(t=Math.random().toString(36).substring(2,12),e.src+=\"#?secret=\"+t,e.setAttribute(\"data-secret\",t)),e.contentWindow.postMessage({message:\"ready\",secret:t},\"*\")},!1)))}(window,document);\n\/\/# sourceURL=https:\/\/www.barometreocupacions.cat\/wp-includes\/js\/wp-embed.min.js\n<\/script>\n","description":"PENSANDO EN VERDE PARA UNA ECONOM\u00cdA SOSTENIBLE La transici\u00f3n ecol\u00f3gica se ha posicionado como una de las prioridades m\u00e1s urgentes en la agenda europea mediante el pacto verde, que tiene por objetivo lograr la neutralidad clim\u00e1tica para el 2050. Pero, \u00bfc\u00f3mo impacta esta transici\u00f3n ecol\u00f3gica en el mercado laboral en Catalu\u00f1a? \u00bfQu\u00e9 perfiles verdes se [&hellip;]","thumbnail_url":"https:\/\/www.barometreocupacions.cat\/wp-content\/uploads\/2024\/10\/verdes-2.jpg"}

Baròmetre de competències i ocupacions de Catalunya

CATALUÑA Y ESPAÑA: TRANSICIÓN ECOLÓGICA - Baròmetre de competències i ocupacions de Catalunya

<blockquote class="wp-embedded-content" data-secret="GTyKT0sa4e"><a href="https://www.barometreocupacions.cat/es/cataluna-y-espana-transicion-ecologica/">CATALUÑA Y ESPAÑA: TRANSICIÓN ECOLÓGICA</a></blockquote><iframe sandbox="allow-scripts" security="restricted" src="https://www.barometreocupacions.cat/es/cataluna-y-espana-transicion-ecologica/embed/#?secret=GTyKT0sa4e" width="600" height="338" title="«CATALUÑA Y ESPAÑA: TRANSICIÓN ECOLÓGICA» — Baròmetre de competències i ocupacions de Catalunya" data-secret="GTyKT0sa4e" frameborder="0" marginwidth="0" marginheight="0" scrolling="no" class="wp-embedded-content"></iframe><script>
/*! This file is auto-generated */
!function(d,l){"use strict";l.querySelector&&d.addEventListener&&"undefined"!=typeof URL&&(d.wp=d.wp||{},d.wp.receiveEmbedMessage||(d.wp.receiveEmbedMessage=function(e){var t=e.data;if((t||t.secret||t.message||t.value)&&!/[^a-zA-Z0-9]/.test(t.secret)){for(var s,r,n,a=l.querySelectorAll('iframe[data-secret="'+t.secret+'"]'),o=l.querySelectorAll('blockquote[data-secret="'+t.secret+'"]'),c=new RegExp("^https?:$","i"),i=0;i<o.length;i++)o[i].style.display="none";for(i=0;i<a.length;i++)s=a[i],e.source===s.contentWindow&&(s.removeAttribute("style"),"height"===t.message?(1e3<(r=parseInt(t.value,10))?r=1e3:~~r<200&&(r=200),s.height=r):"link"===t.message&&(r=new URL(s.getAttribute("src")),n=new URL(t.value),c.test(n.protocol))&&n.host===r.host&&l.activeElement===s&&(d.top.location.href=t.value))}},d.addEventListener("message",d.wp.receiveEmbedMessage,!1),l.addEventListener("DOMContentLoaded",function(){for(var e,t,s=l.querySelectorAll("iframe.wp-embedded-content"),r=0;r<s.length;r++)(t=(e=s[r]).getAttribute("data-secret"))||(t=Math.random().toString(36).substring(2,12),e.src+="#?secret="+t,e.setAttribute("data-secret",t)),e.contentWindow.postMessage({message:"ready",secret:t},"*")},!1)))}(window,document);
//# sourceURL=https://www.barometreocupacions.cat/wp-includes/js/wp-embed.min.js
</script>

PENSANDO EN VERDE PARA UNA ECONOMÍA SOSTENIBLE La transición ecológica se ha posicionado como una de las prioridades más urgentes en la agenda europea mediante el pacto verde, que tiene por objetivo lograr la neutralidad climática para el 2050. Pero, ¿cómo impacta esta transición ecológica en el mercado laboral en Cataluña? ¿Qué perfiles verdes se [&hellip;]
